 + 10. Let b be h(-8). Suppose -2*x = -4*q + 134, -5*q - 2*x = -b - 3. Let m = q + -20. Is m prime?
False
Is (-3 + 3402/(-7))*13/(-3) a composite number?
True
Let k(d) = 2*d**2 + 29*d + 49. Is k(-22) a prime number?
True
Suppose 2*r - 8 - 2 = 0. Suppose 0 = j - 0*j - r*m - 30, -m = j. Suppose -2*h = -2*z + 64, -3*z - j*h + 31 + 73 = 0. Is z prime?
False
Let b = 942 + 695. Is b a prime number?
True
Let b = 48 + -34. Is b composite?
True
Let y = 96 + 34. Suppose -2*n + 0*n = -y. Is n a composite number?
True
Let s(n) = n**2 - n - 2. Let w be s(3). Suppose w*z - 113 = 135. Suppose 69 = m - z. Is m a prime number?
True
Let z(j) = -j**2 - 4*j + 3. Suppose -3*g - 3*s = 27, g + 0 - 1 = s. Let c be z(g). Is (163/c)/((-4)/(-12)) composite?
False
Let v be (5/4)/((-1)/(-4)). Suppose -1625 + 245 = -v*k. Suppose -4*c + 304 = -k. Is c prime?
False
Suppose -776 = 8*x - 6304. Is x prime?
True
Suppose -5*b + 5660 = 5*c, -4*b + 4531 = 4*c - 3*c. Is b a composite number?
True
Let h be (-5 - 2)*(-3 + 16). Let z = h - 69. Is z/(-3) - (-1)/(-3) prime?
True
Let a(o) = 2*o**2 - 8*o + 1. Let v(r) = 3*r**2 - 7*r. Let d(s) = -5*a(s) + 6*v(s). Is d(4) a composite number?
True
Suppose -5*j + 38 = -3*j. Is j a composite number?
False
Let n be 2/4 + (-15)/(-6). Suppose 0*h + 8 = 4*h, -n*h = 2*z - 20. Let i(g) = -g**2 + 8*g + 4. Is i(z) prime?
True
Let q(f) = 3*f**2 - 6*f - 1. Is q(6) composite?
False
Let m be -15*(2 - (-52)/(-6)). Let b = -69 + m. Is b composite?
False
Suppose -4*y + 4*n - 10 = -y, 5*y + 32 = -n. Let l = y + 10. Is 3/12 + 75/l prime?
True
Let w(a) = 5*a**2 + a - 5. Let z(o) = -1. Let h(k) = w(k) - 6*z(k). Is h(-2) a prime number?
True
Is 6/21 + (-282)/(-42) composite?
False
Let w(n) = 4*n**2 - 10*n + 6. Let i be w(10). Suppose 0 = c - 0 - 2, 2*b = 4*c + i. Is b a prime number?
True
Suppose 0 = -5*r - 3*b - 2*b + 2950, -r + 590 = -3*b. Suppose h + r = 3*h. Is h a composite number?
True
Suppose -382 = -3*j - t, 5*t - 513 = -2*j - 2*j. Is j a prime number?
True
Is 1/(-1) + (-4)/6*-129 prime?
False
Suppose -6*x = -2*x + 2*l - 936, -l = -4*x + 930. Is x a prime number?
True
Let j = -11 + 15. Let n(w) = -w**3 - 4*w**2 - w - 4. Let q be n(-4). Suppose -3*a - z = -162, q = 3*a + j*z + z - 174. Is a a composite number?
False
Let q(d) = 15*d - 11. Is q(6) composite?
False
Is -1 - 5470/(-3) - (-20)/30 composite?
False
Let v be (6/(-18))/(1/(-18)). Is 3/9 + 184/v a prime number?
True
Let c(s) = s**2 + 8*s + 18. Let w(x) = -4*x**2 - 24*x - 53. Let v(q) = -17*c(q) - 6*w(q). Is v(-7) composite?
True
Suppose 3*v + 631 = -4*s, 4*s = 3 + 5. Let y = 356 + v. Is y prime?
False
Suppose -1841 = -5*c + 2*v, 3*c + 2*v + 2*v - 1089 = 0. Is c a prime number?
True
Let b(p) = 14*p**3 - p**2 - 6*p - 5. Is b(4) a prime number?
False
Let a(q) = -q**2 - q. Let f(x) be the second derivative of -x**5/20 + x**4 + 2*x**3 + 5*x**2/2 + x. Let t(k) = -5*a(k) - f(k). Is t(8) a composite number?
False
Is ((-4)/(-2))/((-6)/(-15627)) a prime number?
True
Let y(g) = -g. Let k be y(-2). Suppose 0 = -k*p + 4, 0 = 3*q + 3*p + 2*p - 28. Suppose 0 = -q*x + 4*x + 20. Is x composite?
True
Suppose 3*z = 1063 + 74. Is z composite?
False
Suppose -679 = -4*i - 5*n, 0 = -4*i + 5*n + 300 + 389. Suppose 0*r - i = -3*r + 5*x, 0 = -5*r + 4*x + 285. Suppose 0 = 3*d - 60 - r. Is d a composite number?
True
Suppose -2*f + f + 3 = 0. Let q(c) = 2*c**3 - 3*c**2 + 4*c - 4. Is q(f) a composite number?
True
Suppose 3*d - l - 5693 = l, -3*l = d - 1916. Is d prime?
True
Suppose 3*j - 5 - 13 = -t, -16 = -t - 2*j. Suppose -5*n + 185 = -0*n. Let l = n - t. Is l a prime number?
False
Let v(q) = 3*q**3 + q**2 - q. Let r be v(-2). Let n be 6/r - 3188/(-6). Suppose 0*u = -3*u + n. Is u a prime number?
False
Let p = 36 + 11. Is p a prime number?
True
Let r(d) = 136*d - 46. Let m(a) be the first derivative of -27*a**2/2 + 9*a + 1. Let p(l) = -11*m(l) - 2*r(l). Is p(6) prime?
False
Suppose 2*o + 0*o = 6. Suppose -o*f = 5*j - 2227, 3*j + 246 = 5*f + 1555. Is j prime?
True
Let x(c) = -10*c + 2. Let z be x(-2). Suppose 0 = -j - j + z. Is j composite?
False
Let v(j) = 4*j**2 + 19*j - 4. Is v(6) a composite number?
True
Let q = -1871 + 3130. Is q prime?
True
Let m(g) = g**3 + 10*g**2 - 7*g - 3. Let k(b) = -3*b**2 + 2*b + 1. Let u(j) = 7*k(j) + 2*m(j). Suppose -2*n + 10 = -3*s - 0*s, -8 = -3*n + s. Is u(n) prime?
True
Let k(t) = -2*t + 9. Let z(j) = -3*j + 18. Let f(i) = 7*k(i) - 4*z(i). Let n be f(-6). Suppose 2*o = n*o + 4*g - 2, 5*o = -3*g + 95. Is o composite?
True
Let c(k) = 12*k**3 - 5*k**2 + 2*k + 2. Is c(3) a composite number?
True
Let c(j) = -j**2 - 7*j - 1. Let d be c(-6). Suppose -2*t = 2*x - 103 + d, -2*t - 4*x = -98. Is t a composite number?
True
Let o = 23 + -16. Suppose -o*r - 134 = -9*r. Is r composite?
False
Suppose -4502 = -4*k - 3*j - 960, -2*k + 1772 = j. Is k composite?
False
Let o be 4/(-6) + 742/6. Suppose -o = 3*d + 189. Let t = -73 - d. Is t a composite number?
False
Let j be -1*(1 - -1) - 1. Let v be (3 + -1)*(-3)/j. Suppose y - 5*x = -v*y + 212, x = -4*y + 321. Is y composite?
False
Is (-154710)/(-75) + 1/5 a composite number?
False
Suppose h - 4*o - 1917 = 0, -4*h + 3*h + 1902 = o. Suppose 3*c - h = -0*c. Is c prime?
False
Suppose -h = -4*h + 12. Suppose -5*u + 0*p = -p - 9, -p - 7 = -h*u. Suppose -u*v + 0*k = k - 111, 0 = 5*v + 3*k - 280. Is v composite?
False
Suppose 4*s + 0*s - k = 19, -2*s + 5*k + 23 = 0. Suppose 0*w - s*w = -24. Is w a composite number?
True
Suppose -3*j - 16 = 2. Let v(b) = -4*b + 7. Is v(j) composite?
False
Let h(g) = g**2 + 3*g - 1. Let q(u) = -u - 10. Let y be q(-7). Let j be h(y). Is (2/(-6))/(j/753) a composite number?
False
Let i = 3 + -3. Suppose z = -i*z. Suppose -f + 8*d - 4*d = -269, -4*f - 4*d + 1016 = z. Is f prime?
True
Suppose -5*n + 220 = -n. Let m = n + 0. Is m composite?
True
Let b(k) = 39*k + 5. Suppose 2*a - 15 = -1. Let y be b(a). Suppose 16 - y = -2*o. Is o a composite number?
False
Let k = 1898 + -856. Is k composite?
True
Suppose -2*p - 127 = -3*p. Is p composite?
False
Let x(s) = -2*s - 2. Let v be x(-2). Suppose 3*t + 2*c = -0*c + 838, v*t - 562 = -3*c. Is t prime?
False
Let l(h) = h - 5. Let f be l(8). Suppose f*w = -2*y - 2*w + 28, 2*y - 4*w - 10 = 0. Is y composite?
True
Is (-2 + -17 - -2)*-13 composite?
True
Suppose -z + 14 = s, -19 - 5 = -z + s. Is z a prime number?
True
Let b = -19 + 10. Let c(x) be the first derivative of x**4/4 + 10*x**3/3 + 7*x**2/2 + 8*x - 3. Is c(b) prime?
False
Let y(w) = 8 + 16*w + 3 + 4. Is y(7) a prime number?
True
Is 2/((-8)/3148)*-1 composite?
False
Suppose i + 395 = -0*i - 2*u, -5*u - 10 = 0. Let k be i/(-5) - (-1)/(-5). Let r = k - 23. Is r a composite number?
True
Let j = 120 + -43. Suppose 2*g - g - j = -v, 6 = 2*g. Is v prime?
False
Let r = -222 - -421. Is r composite?
False
Let w = -39 - -58. Suppose 3*c - w = 38. Is c composite?
False
Suppose -h - 2*h = 0. Let l be ((-8)/(-12))/((-2)/(-21)). Suppose h = -g + 5*z - l + 35, g = 4*z + 23. Is g a prime number?
True
Suppose -1140 = -3*o - 0*b + 3*b, 3*o = 2*b + 1137. Is o a composite number?
True
Let q = 3 + 0. Suppose q*v + 3 = 4*v. Let m = v + 16. Is m a prime number?
True
Suppose -5*c = -5*t - 10135, -5*t - 7936 = -4*c + 172. Is c a composite number?
False
Suppose h - 6*h + u + 114 = 0, h = -4*u + 27. Suppose -4*v + h = -53. Is v a composite number?
False
Let q be (2/1)/(2/5). Let g(f) = 4*f - 2. Let n be g(q). Is n/12 - 2/(-4) composite?
False
Suppose 111 = -k + 4*k. Is k prime?
True
Let n(g) be the second derivative of g**3/6 + g**2/2 + g. Let l be n(-1). Suppose -2*u = l, -4*u = -4*i - u + 60. Is i a composite number?
True
Suppose 0 = 3*c - 4*k - k - 7, 0 = c + 5*k - 9. Suppose -443 = -c*z + 9. Is z composite?
False
Suppose 0 = -h - 4*h + 15. Suppose -80 = -t + h. Suppose -o + 2*o = t. Is o composite?
False
Let k = -1005 - -1802. Is k composite?
False
Suppose -s = 5*n - 30, -n - 2*s = 2*s - 6. Let c = n - 4. Is c composite?
False
Let z(x) = -x**3 + 11*x**2 - 7*x + 2. Let n be z(7). Suppose -s - 2*h = h - n, 306 = 2*s + 4*h. Is s prime?
False
Let n(d) = 21*d + 5. Is n(6) composite?
False
Let u(c) = 3*c**2 + 8*c - 13. Let w(n) = -16*n**2 - 40*n + 66. Let h(m) = -11*u(m) - 2*w(m). Let q be h(-9). Is (-63)/(-2) - q/4 a composite number?
False
Let j be -3*(-1)/((-6)/(-8)). Sup